der when a is divided by (1 - (2 - 0))*-22?
11
Let l = -22159 + 22196. What is the remainder when 406 is divided by l?
36
Calculate the remainder when 627 is divided by ((-16)/((-1120)/315))/(2/8).
15
Suppose -1266*y - 1264*y = -2532*y + 40. Suppose 0 = -3*d - 4*w + 16, w = 4*d + 5*w - 28. Calculate the remainder when y is divided by d.
8
Suppose 2*l = -6*c + 2*c + 66, 3*c - 22 = 4*l. What is the remainder when (-2960)/(-26) - c/(-91) is divided by 31?
21
Suppose 61*q - 103 = 507. Suppose -q*r + 155 = -215. Suppose -6*j = -3*j - 15. Calculate the remainder when r is divided by j.
2
Let x(o) = o**2 + 11*o + 25. Let j be x(-9). Let b = 31 + j. Let r = 19 - 9. Calculate the remainder when b is divided by r.
8
Suppose -5*b = g - 903, -4*b + 15*g - 13*g + 714 = 0. Calculate the remainder when 593 is divided by b.
53
Let z(j) = -9 - 7*j**2 + j**3 - 6 - 9*j + 3*j - 12 + 19. Calculate the remainder when 79 is divided by z(8).
7
Suppose -4*i + 5*g + 773 = 0, 5*i + 9*g = 4*g + 1000. What is the remainder when 392 is divided by i?
195
Suppose 19*a - 2398 = 8242. Suppose 2*q = 16*q - a. What is the remainder when q is divided by 15?
10
Suppose -4*u + 3*u + 15 = -y, 0 = -2*u - 3*y. Let h(f) = f**3 + 5*f**2 - 3*f + 7. Calculate the remainder when h(-5) is divided by u.
4
Let a = -106 - -218. Let t = 135 - a. Calculate the remainder when 159 is divided by t.
21
Let z = -177 + 182. Suppose -w = y - 91, 6*w - 2*w = -z*y + 361. Calculate the remainder when w is divided by 12.
10
Let h(d) = -55*d + 3980. What is the remainder when h(67) is divided by 33?
31
Suppose -2*y + 92 = 6*i - i, -3*y + 93 = 5*i. Suppose -r - d = -66, 5*r - 6*d - 334 = -9*d. Calculate the remainder when r is divided by i.
14
Suppose -33*l + 7442 + 17518 = -3*l. What is the remainder when 3333 is divided by l?
5
Let i(c) = -27*c + 1970. What is the remainder when 8210 is divided by i(72)?
20
Suppose -13 = -2*y + 25. Suppose 0 = 4*v + 5*i - 104, -170*v - i + 182 = -164*v. Calculate the remainder when v is divided by y.
12
Let s = 5 - 23. Let r = -6 - s. Let y(v) = -v**3 + 22*v**2 - 37*v - 41. What is the remainder when y(20) is divided by r?
7
Suppose 204*h - 201*h = 2*p + 9599, -p + 12806 = 4*h. Calculate the remainder when h is divided by 267.
264
Suppose -28*n + 68 = -26*n. Calculate the remainder when ((-6303)/275 - -23) + (-3246)/(-50) is divided by n.
31
Let f = -445 - -464. Suppose 1409 - 231 = f*u. Calculate the remainder when u is divided by 13.
10
Suppose 0 = -4*n - 4*r + 340, -6*r + 349 = 4*n - 5*r. Let s be 5376/39 - 1*8/(-52). What is the remainder when n is divided by 2*((-12)/36 - s/(-9))?
28
Suppose -123 = -2*l + 15. Suppose -2*o = -3*n - 117, o - 4*n - l - 2 = 0. Calculate the remainder when 161 is divided by o.
8
Let g(s) = -16*s**2 - 3*s + 11. Let z be g(3). Let l = 200 + z. Let h = 91 - l. Calculate the remainder when 162 is divided by h.
30
Calculate the remainder when 4862 is divided by (12/(-9))/((-3)/(-3)*3/(-36)).
14
Suppose 0 = 4*c - 3*n - 71, 8*n = 4*c + 3*n - 81. What is the remainder when 108/(-2)*14/(-28) is divided by c*(-4)/(-16)*2?
6
Let m be 12*15/40*(0 - -22). Let u = m - 73. Let d = u - 9. What is the remainder when 48 is divided by d?
14
Let q be (0 + -6)*(-2 + 426/18). Let v = q - -153. Calculate the remainder when 29 is divided by v.
6
Let h = -677 - -988. Let n = -309 + h. What is the remainder when 14 is divided by n?
0
What is the remainder when 275 is divided by ((1196/130)/(2/(-5)))/((-5)/55)?
22
Let b(c) = 2*c + 5. Let i be b(7). Let o(p) = -4*p + 65. Let d be o(i). Let w = 18 + d. Calculate the remainder when w is divided by 4.
3
Let z(t) = 35*t**2 - t. Let g be z(2). Suppose -2*k - g = -4*a, 2*a = -k + 6*k + 73. Suppose -238 = 274*s - 291*s. What is the remainder when a is divided by s?
6
Let i be (-66)/110 - (-1164)/15. Suppose -74*x + i*x - 711 = 0. Calculate the remainder when x is divided by 40.
37
Let s = 307 + -355. What is the remainder when 205 is divided by 3/s*4 - (-210)/8?
23
Let x = -123 + 217. Suppose -2*o - 52 = -x. Calculate the remainder when 104 is divided by o.
20
Let d be 10/15 - 627/9. What is the remainder when (-1*2)/(6/d) is divided by (-1)/((-4)/(-72))*(-4)/6?
11
Let q = 15677 + -13464. What is the remainder when q is divided by 200?
13
Suppose c = -84*l + 80*l + 100, l = -5*c + 443. What is the remainder when 393 is divided by c?
41
Let j(l) = -l + 35. Let v be j(28). Suppose 5*d - 6*z = -v*z + 238, -z = -3. Calculate the remainder when d is divided by 4.
3
Let v = -775 - -775. Suppose 2*r + v - 64 = 0. Calculate the remainder when r is divided by -12*(1 + -2) + 0.
8
Let k(w) = -12*w - 86. Let r be k(-15). What is the remainder when 93 is divided by 0 + r/12 + (-16)/(-96)?
5
Let b(w) = -w**2 - 6*w + 6. Let i = -45 - -48. Suppose i*n = o - 4, 7*o = 4*o + 4*n - 3. Calculate the remainder when b(o) is divided by 2.
1
Suppose -159*y + 1796442 = 219798. What is the remainder when y is divided by 38?
36
Let f = 6 - 3. Let q(n) = -n**2 - 20*n - 56. Let v be q(-16). Suppose 5*z = v*z - 9. Calculate the remainder when z is divided by f.
0
Suppose -23*d + 37*d = 39*d - 1250. Calculate the remainder when 16048 is divided by d.
48
Suppose 4*r + 5*y = 1162 + 59, -4*r - y = -1201. What is the remainder when r is divided by 7?
5
What is the remainder when 3299 is divided by 1085 + 161/(529/23)?
23
Let l(c) = c**3 - 14*c**2 + 32*c + 39. Let j be l(14). Let z = 539 - j. What is the remainder when z is divided by 35?
17
What is the remainder when ((-18)/12)/((-3)/880) is divided by 156?
128
Suppose -297 = -o - 2*w + 368, -1987 = -3*o - 2*w. What is the remainder when o is divided by 96?
85
Suppose 0 = -9*f - 5*f - 280. What is the remainder when 152 is divided by (f + 19)/(77/39 + -2)?
35
Suppose -125*n + 141*n = 73008. Suppose 0 = 30*a - 3*a - n. What is the remainder when a is divided by 43?
40
Let c(j) = -j + 1. Let r(z) be the first derivative of 10*z**2 + 17*z + 11. Let n(w) = -5*c(w) - r(w). Calculate the remainder when n(-4) is divided by 21.
17
Let d = 111 + -57. Suppose -2 - 33 = -7*n. Suppose 4*c - 99 = -n*c. What is the remainder when d is divided by c?
10
Suppose -3*o = y - 151, 4*y - 254 = -2*o - 3*o. Let n(q) = 37*q**2 + 2*q + 13. Calculate the remainder when n(-4) is divided by o.
47
Suppose 4 = -4*k + 1580. Let c = k + -306. What is the remainder when c is divided by 30?
28
Suppose -3*r - 3153 = -0*j + 5*j, -4*j = 3*r + 2523. Let x = j - -637. What is the remainder when 261 is divided by x?
2
Suppose -4*s + 416 = 5*a - s, 3*a - 248 = -s. Calculate the remainder when a is divided by (-3 + 10)/28*(174 - 2).
39
Suppose -6*h - 147 = -4*z - 7*h, -4*h = z - 18. Calculate the remainder when 645 is divided by z.
37
Suppose 7*t = 25*t - 1419 - 597. What is the remainder when 564 is divided by t?
4
Let h(m) = -3*m + 14. Calculate the remainder when h(-30) is divided by -20 + 402/21 + 279/7.
26
Let o(d) be the second derivative of -3/2*d**2 - 8*d - 1/4*d**4 + 1/10*d**5 + 0 + 5/6*d**3. Calculate the remainder when 40 is divided by o(2).
7
Suppose -3*l + 7*l = 9*w + 427, 4*l = 5*w + 399. What is the remainder when l is divided by 12/(3 - 0) + 11?
1
What is the remainder when 266 is divided by 20/(-16)*(-312)/26?
11
Let k(h) = -80*h + 143*h + 106 - 74*h. What is the remainder when 32 is divided by k(9)?
4
Let s be (-23)/(-8) + 8/64. Calculate the remainder when -9*(-1)/s - -146 is divided by 7.
2
Suppose 3*t - 438 = -3*j, 3*j + 4*t = 200 + 237. Suppose 3*y - j = -5*o - 10, -3*o = -12. What is the remainder when y is divided by 22?
17
Suppose 0 = 5*l + 19*l + 5*l - 17690. Calculate the remainder when l is divided by 126.
106
Let n(x) = -27*x**2 + 28*x - 6. Let y be n(4). Let p = 427 + y. Calculate the remainder when p is divided by 9.
2
Suppose 3*t - 137 = 2*m, 0 = -18*t + 20*t + 5*m - 66. What is the remainder when 93 is divided by t?
7
Suppose 2*v + 7*t = 2*t + 74, -4*v + 148 = 4*t. What is the remainder when (-1158)/(-8) - ((-35)/(-28))/(-5) is divided by v?
34
Let y = 1871 - 1825. Calculate the remainder when 2525 is divided by y.
41
Let j(m) = 162*m + 34. Calculate the remainder when j(3) is divided by 59.
48
Let y be 5 + 20/16*-4. Suppose 4*v + 3*n - 650 = y, 0 = 2*v + 5*n - 6*n - 320. What is the remainder when v is divided b